6/27)/((0 + 1)/9). Suppose -f*z - 595 = -4*x + z, x = z + p. What is the hundreds digit of x?
1
Let h(j) = -4*j**2 + 42*j + 28. Let r(a) = -9*a**2 + 85*a + 58. Let t(u) = 7*h(u) - 3*r(u). What is the tens digit of t(18)?
0
Let d be (-90)/(-40) - 3/(-4). Suppose -3300 = -3*i + d*k, -4*i + 12*k + 4376 = 16*k. What is the tens digit of i?
9
Let n(g) = -24*g**3 - 10*g**2 - 14*g - 225. What is the tens digit of n(-9)?
8
Let h = 382 + -382. Suppose 2*p - 1040 - 196 = h. What is the tens digit of p?
1
Let b(g) = 3*g**2 - 69*g + 24. Let h be b(30). Let m = h - 220. What is the tens digit of m?
3
Suppose 0 = 2*y - 5*x + x - 13420, 3*y + x = 20172. What is the thousands digit of y?
6
Suppose -5*d = 2*p - p - 16, -5*p = 5*d + 20. Let o = 19 + p. Suppose -2*a = -22 + o. What is the units digit of a?
6
Let q(x) = 53*x**2 - 4*x + 27. Let i be q(4). Suppose i = 4*u - 2237. What is the tens digit of u?
7
Suppose 3*y + l - 79222 = 0, 0 = 8*y - 13*y + 2*l + 132033. What is the ten thousands digit of y?
2
Let f(h) = -h - h**2 + 2 - 1 + 2*h**2 + 2*h. Let l(n) = 3*n**2 + 1. Let y(x) = 4*f(x) - l(x). What is the tens digit of y(-11)?
8
Suppose 18*h - 7*h - 44 = 0. Suppose h*p + 2034 = j - 923, 3697 = -5*p + j. What is the units digit of (12/10)/((-2968)/p - 4)?
1
Let p = 31559 + -19934. What is the units digit of p?
5
Let y(z) = 3*z**2 + 5*z + 12. Let c(i) = -i**2 + 18*i + 9. Let u be c(18). Suppose -v = 5, 4*q + u = -0*q + 3*v. What is the units digit of y(q)?
0
Let w = 13788 - 288. What is the units digit of w?
0
Let z be (-6)/(-21) + -38*1/(-14). Let h be (12/14)/((-6 + z)/21). What is the tens digit of (26/h)/(1/(-3))?
1
Suppose 0 = -0*d - 4*d - 216. Suppose 3*s - 237 = 3*b, 116 = -5*b + 2*s - 270. Let j = d - b. What is the units digit of j?
2
Let c = -914 - -553. Let q(p) = -42*p - 69. Let h be q(12). Let o = c - h. What is the tens digit of o?
1
Let u(r) = r**3 + 12*r**2 + 14*r + 4. Suppose -5*z = q + 68 - 19, 0 = -z + q - 11. What is the units digit of u(z)?
4
Let c = 21 + -19. Suppose -2*u - 28 = -c*h, 0 = 4*u + 3*h - h + 80. Let m = 35 - u. What is the units digit of m?
3
Suppose -1188 = 396*q - 405*q. What is the tens digit of q?
3
Let f(h) = h**2 + 3*h - 5. Let b be f(-6). Suppose -56*o - 59*o - 1599 = -128*o. Suppose 14*n - o = b*n. What is the hundreds digit of n?
1
Suppose 3*r + 126 = 3*z, 0 = 3*r - r - 5*z + 81. Let o = r + 53. Let f = o - -78. What is the tens digit of f?
8
Let f(g) = g**3 + 12. Let u be f(0). Suppose 6*n - u*n + 72 = 0. What is the tens digit of n?
1
Let y(i) = 16*i**2 - 40*i - 618. What is the tens digit of y(-17)?
8
What is the hundreds digit of ((-770)/5)/((-16)/256)?
4
Let s = 4 + -2. Suppose g + s = 7. Suppose g*k - 60 = -z, -z - 5*k - 80 = -4*z. What is the tens digit of z?
3
Let x(b) = 53*b**2 + 7*b - 145. What is the hundreds digit of x(8)?
3
Let m(p) = p**3 + 10*p**2 - 16*p - 7. Let d be m(-11). Suppose 2*l + d = 12. What is the units digit of (29 - 2)/(l/(-48))?
2
Let r(z) = -2*z**3 - 13*z**2 - 12*z + 17. What is the units digit of r(-13)?
0
Suppose -3205781 = 8*v - 44*v - 1293965. What is the ten thousands digit of v?
5
Let f(o) be the third derivative of 73*o**4/24 + 37*o**3/6 - 4*o**2. Let r be f(11). Suppose 10*u = 2*u + r. What is the tens digit of u?
0
Let m = 6483 - -9024. What is the thousands digit of m?
5
Let h = -33363 - -52578. What is the ten thousands digit of h?
1
Suppose 2*w + z - 7561 = 0, -2*w - 4*z + 1404 + 6178 = 0. What is the thousands digit of w?
3
Let o = 134785 - 73716. What is the units digit of o?
9
Let g = -14 - -12. Let y be 6/g - (1 + -5). What is the tens digit of 3 - (2 + y) - -29?
2
Suppose -4*r + 3*z - 254 = r, -5*z + 15 = 0. Let f = 120 + r. What is the tens digit of f?
7
What is the tens digit of -8 + -1 - (-2790109)/147 - 2/(-3)?
7
Suppose -8 = -2*j + 8. Let f(g) = -g**2 + 8*g - 16. Let s be f(j). What is the units digit of (51 + s)*18/7?
0
What is the units digit of (-44670428)/(-838)*6/4?
9
Suppose 2*s + 0*s - 77 = 5*c, 4*c = s - 61. Let f be (-18)/(-3) + c/5. Suppose 0*t = -3*i + f*t + 450, -5*t + 426 = 3*i. What is the units digit of i?
7
Suppose 2*l - 4692 = -3*s - l, 4*l - 7821 = -5*s. Suppose 13*n - s - 4389 = 0. What is the tens digit of n?
5
Suppose 16 = -2*p + 12, -2*q + 5*p + 16 = 0. Suppose q*l = 4*h + 5*l - 222, -5*l + 99 = 2*h. What is the units digit of h?
7
Let x be (-11)/(-4) - 5/(-20). Suppose x*p - 1569 = 2*s, 4*s + 4066 = 5*p + 1449. Suppose p = 11*o - 788. What is the hundreds digit of o?
1
Let i = 47326 - 32773. What is the tens digit of i?
5
What is the ten thousands digit of (-5)/2 - (-362299581)/5278 - (-2)/13?
6
Let o = -7520 - -11865. What is the hundreds digit of o?
3
Let z = 75 - 87. Let k be ((-28990)/z)/13 + (-1)/(-6). Let x = k + -99. What is the tens digit of x?
8
Suppose -7*r + 3*r + 16 = 0. Suppose 0 = 3*a - a + r*m - 940, m = 4. Suppose 6*l - a = -24. What is the units digit of l?
3
Suppose -6*v = 4 - 4. Suppose v = 2*r + 3 - 13. Suppose -2*c - d = -13, 4*d - 7 - r = -3*c. What is the units digit of c?
8
Suppose -4*h = x - 82 + 88, 0 = 5*x + 3*h - 21. Suppose x*g = 3*g + 3465. What is the hundreds digit of g?
1
What is the tens digit of 6/(3 - 6) + -9*-3*215?
0
Suppose 44 - 119 = -5*w. Let i = 2 - w. Let d = 17 + i. What is the units digit of d?
4
Let t(g) = 1064*g**2 + 328*g + 11. What is the units digit of t(-9)?
3
Suppose -83*w - 150*w - 326*w = -20178223. What is the units digit of w?
7
Let s(l) = -5*l + 18. Let w be s(3). Suppose 0 = w*x - 795 - 1113. What is the hundreds digit of x?
6
Suppose 26*l + 14558 = 202850. What is the units digit of l?
2
Let z be (1*-4)/(0 - (-20)/(-55)). Suppose m - z = 125. What is the tens digit of m?
3
What is the hundreds digit of 14/(-84)*(6 + -22734) + (-1 - 5)?
7
Let s(j) = j**3 + 18*j**2 + 19*j + 11. Let p be s(-18). Let o = p + 607. What is the tens digit of o?
7
Let m = -965 - -1553. Suppose 6*c = 13*c + m. What is the units digit of (-15)/15*(c - -1)?
3
Suppose -5*z + 25860 = 5*j, -24*z - j = -22*z - 10339. What is the tens digit of z?
6
Let w(s) = -12*s**2 - 3. Let k = -36 + 39. Let l be w(k). Let q = 165 + l. What is the tens digit of q?
5
Let g(z) = 4*z**2 - 62*z - 110. Let v(p) = -p**2 + 12*p + 22. Let a(i) = -2*g(i) - 11*v(i). What is the units digit of a(-4)?
8
Let z be -85 + (5 - 1)/(-4). Let f = z - -92. Suppose -f*h + 7*h = 19. What is the tens digit of h?
1
Suppose 17*m + 493611 = -10*m + 1449006. What is the hundreds digit of m?
3
Let i(k) = -21*k**2 - 1. Let n = 3 - 1. Let c be i(n). Let t = -39 - c. What is the tens digit of t?
4
Let r = 17206 + -11822. Suppose -12*d + 1504 = -r. What is the hundreds digit of d?
5
Let v = -1845 + 5789. Suppose 24*m + v = 32*m. Suppose m = 16*i - 979. What is the units digit of i?
2
Let i be 5/(-15)*(-12)/(1 - -1). Suppose -i*y = 4*s - 584, 296 = 2*y - y + s. What is the tens digit of y?
0
Let p(m) = -5*m**3 + 7*m + 1. Let v = -6 + 11. Suppose -4*o + 7*o = -15, v*s = o - 10. What is the tens digit of p(s)?
1
What is the tens digit of (66/(-8))/33*(-5)/((-5)/(-71228))?
0
Let c(a) = 10*a + 6. Let w be c(-3). Let m = w + 27. Suppose -5*o + 10 = 0, -m*r + 7*o - 2*o = -548. What is the hundreds digit of r?
1
Let a(c) = -c**3 - 4*c**2 - 5*c - 3. Let p be a(-3). Suppose p*l - l = -s + 633, -4*l - 5*s = -1269. What is the hundreds digit of l?
3
Let i = -5770 - -5769. Let l be 300 - 2/(4 + -2). Let o = l + i. What is the tens digit of o?
9
Let q = -9 - 10. Let i = 25 + q. What is the units digit of ((-2)/i)/(13/(-117))?
3
Suppose -7*j - 32 + 81 = 0. Suppose 0 = -j*w - 0*w + 2331. What is the units digit of w?
3
Suppose -151*f + 9447187 = 546794. What is the tens digit of f?
4
Let z(r) = 357*r**3 + 3*r**2 - 4*r - 6. What is the thousands digit of z(3)?
9
Suppose 5*u = -2886*m + 2881*m + 96005, 0 = 5*u + 4*m - 96003. What is the thousands digit of u?
9
Let v(w) = -2*w - 30. Let t be v(-16). Suppose -5*q - 3*j - 7 = 0, -2*q + t*j + 6 = j. What is the tens digit of 7*(q + (-178)/(-14))?
9
Let d = 6 + -3. Suppose 7*u = 10*u - 2*s - 6846, 0 = -d*u + 5*s + 6837. Suppose -436 + u = 14*w. What is the units digit of w?
2
Suppose 78*z - 56112 = 26*z + 26984. What is the units digit of z?
8
Let g be (0 - -4 - 4) + 0 + 3. Suppose g*m + 3*j + 2*j = 96, 2*j = 0. Let h = -22 + m. 